5?
527
In base 14, what is 3 + -110?
-10b
In base 14, what is -2 - -109?
107
In base 3, what is 10210 + -1000?
2210
In base 2, what is -1010 + -1?
-1011
In base 8, what is -23256 - 5?
-23263
In base 14, what is 20 - 66?
-46
In base 13, what is -1992 + -3?
-1995
In base 15, what is 1a6c - 2?
1a6a
In base 8, what is -1 + 1331?
1330
In base 11, what is -5 + -542?
-547
In base 6, what is -3551 - 21?
-4012
In base 2, what is -101001 - 1001?
-110010
In base 12, what is 5144 - 0?
5144
In base 8, what is 36 - -1?
37
In base 9, what is 10 - -11?
21
In base 11, what is -2 + -54?
-56
In base 13, what is -ba - 17?
-104
In base 12, what is 21 - -167?
188
In base 16, what is 2 - d1?
-cf
In base 15, what is 39e4 - 5?
39de
In base 4, what is 12133 - 12?
12121
In base 15, what is -15 + 34?
1e
In base 10, what is 3 - 49?
-46
In base 12, what is -55 + -1?
-56
In base 3, what is -222 - 0?
-222
In base 4, what is -12 + 12?
0
In base 9, what is 168 + -2?
166
In base 16, what is -d3 - 1?
-d4
In base 5, what is -21 + -42?
-113
In base 4, what is -130231 - -1?
-130230
In base 6, what is -2235 + 4?
-2231
In base 15, what is -2 + 144?
142
In base 9, what is 4108 + 1?
4110
In base 7, what is 20 + -23?
-3
In base 14, what is 3 - -89?
8c
In base 8, what is -11 - -177?
166
In base 14, what is -c2 + 3?
-bd
In base 8, what is 1 + -77?
-76
In base 6, what is -12 - 32?
-44
In base 12, what is 31 - 3?
2a
In base 3, what is 11 + -1021?
-1010
In base 8, what is 45 - 6?
37
In base 14, what is -188 - 3?
-18b
In base 13, what is 1 - 64?
-63
In base 11, what is 0 - 1401?
-1401
In base 7, what is 532 - 2?
530
In base 6, what is -3 + 532?
525
In base 6, what is -15 + 104?
45
In base 14, what is 5 - 59?
-54
In base 13, what is 8 - 6?
2
In base 9, what is 1 + -1355?
-1354
In base 9, what is 1476 - -2?
1478
In base 2, what is -11010 + -110100100?
-110111110
In base 14, what is -21c + 0?
-21c
In base 2, what is -11 + 11000?
10101
In base 13, what is a + -467?
-45a
In base 13, what is -1 - -19b1?
19b0
In base 4, what is -1232 + 0?
-1232
In base 14, what is -5 + 667?
662
In base 12, what is 2 + 80?
82
In base 9, what is 2230 + 1?
2231
In base 11, what is -21 - 3?
-24
In base 14, what is -3 - -204?
201
In base 15, what is -2be - -5?
-2b9
In base 6, what is 0 - -3?
3
In base 9, what is -311 - 1?
-312
In base 16, what is -3 - -b1?
ae
In base 16, what is -2 + -94?
-96
In base 15, what is 3 + 1ad5?
1ad8
In base 3, what is -1020 - 20?
-1110
In base 2, what is 11 + 100111?
101010
In base 13, what is 10 - 4?
9
In base 15, what is -5 - e?
-14
In base 11, what is 3 + 5138?
5140
In base 3, what is 1202002 + 10?
1202012
In base 10, what is -2128 - -14?
-2114
In base 12, what is -3452 - -5?
-3449
In base 13, what is 2 + 8c?
91
In base 7, what is -3013 - 1?
-3014
In base 5, what is -3 - -131?
123
In base 6, what is 2 + 4303?
4305
In base 14, what is -84 - -1a?
-68
In base 5, what is -104 - -12?
-42
In base 8, what is -1145 - -30?
-1115
In base 14, what is -4 + -4b?
-51
In base 15, what is -1aa + b?
-19e
In base 11, what is 17 - -5a?
76
In base 10, what is 1 - -44?
45
In base 4, what is 3 - -112102?
112111
In base 3, what is -10 - 1012121?
-1012201
In base 3, what is -10 + -1201?
-1211
In base 10, what is -101 + 4?
-97
In base 16, what is -166 + 4?
-162
In base 3, what is 2 + -22?
-20
In base 6, what is -20 + -21?
-41
In base 12, what is 2 - 66?
-64
In base 8, what is -11 + -773?
-1004
In base 10, what is -652 + -3?
-655
In base 16, what is 0 + -75?
-75
In base 12, what is 1597 - -5?
15a0
In base 16, what is 382 - 1?
381
In base 5, what is -32202 + -3?
-32210
In base 2, what is -100 + -100110?
-101010
In base 3, what is 1111 - -1?
1112
In base 4, what is 130 - 11?
113
In base 9, what is 787 - 4?
783
In base 8, what is 2 + -477?
-475
In base 3, what is -11000 + 122?
-10101
In base 6, what is -10 + 3054?
3044
In base 11, what is -2499 - 7?
-24a5
In base 13, what is 5 + -29?
-24
In base 13, what is -19 - -3?
-16
In base 2, what is 10000110001001 - -1?
10000110001010
In base 14, what is -36 - -15?
-21
In base 12, what is -9220 + 0?
-9220
In base 12, what is -a - -20?
12
In base 10, what is -11 - -413?
402
In base 13, what is 12 + 5b?
70
In base 12, what is -3 - -909?
906
In base 13, what is 878 + -7?
871
In base 7, what is -205 + -5?
-213
In base 16, what is -2c - -1?
-2b
In base 13, what is 1 + -145?
-144
In base 9, what is -4 + -25?
-30
In base 3, what is 1 + -1210?
-1202
In base 12, what is 38b - 2?
389
In base 8, what is -204 + 123?
-61
In base 14, what is -3 - a6?
-a9
In base 6, what is -20 + 215?
155
In base 3, what is 1121 + 10220?
12111
In base 4, what is 3101 - -2?
3103
In base 4, what is -13 - 32?
-111
In base 8, what is -2 + 57?
55
In base 6, what is 5 - -13244?
13253
In base 14, what is 4a - 3?
47
In base 12, what is -8 + -231?
-239
In base 7, what is 2260 - 10?
2250
In base 8, what is -651 - 0?
-651
In base 9, what is 20 + 132?
152
In base 6, what is -3 - 100?
-103
In base 16, what is 4 - 2e?
-2a
In base 5, what is -102 + -21?
-123
In base 13, what is -38 - -1c3?
188
In base 5, what is 3 + -320?
-312
In base 8, what is 622 + 5?
627
In base 5, what is -232 + -4?
-241
In base 6, what is -20 + 43?
23
In base 16, what is 27c + -4?
278
In base 11, what is -103 - 3?
-106
In base 4, what is 2122 + -3?
2113
In base 9, what is 1 + -83?
-82
In base 3, what is -1112212 - -100?
-1112112
In base 6, what is 5 + -5001?
-4552
In base 15, what is 69 - -6?
70
In base 4, what is 221022 - -3?
221031
In base 6, what is 4521 - 2?
4515
In base 6, what is 24 - 33?
-5
In base 15, what is -4b - 0?
-4b
In base 9, what is 470 + -6?
463
In base 8, what is 4 + 76?
102
In base 13, what is -2065 - 4?
-2069
In base 2, what is 10 - 1011110011?
-1011110001
In base 13, what is 65 + -6?
5c
In base 15, what is 30 - -2?
32
In base 15, what is -a - 78b?
-796
In base 13, what is -1013 - -4?
-100c
In base 5, what is 232 + 11?
243
In base 3, what is -10220022 + 20?
-10220002
In base 7, what is -4230 - -5?
-4222
In base 7, what is -2 - 153?
-155
In base 13, what is -85a - 3?
-860
In base 4, what is 131 + 2?
133
In base 12, what is -13 - 491?
-4a4
In base 6, what is 0 + -24?
-24
In base 13, what is -4 + 78?
74
In base 13, what is -4 + -45?
-49
In base 7, what is 1 - 6362?
-6361
In base 4, what is -133 - -213?
20
In base 2, what is 1101 + 110011101?
110101010
In base 5, what is 0 + -11?
-11
In base 13, what is 3 - 71?
-6b
In base 9, what is 21 + 303?
324
In base 15, what is -d - -aa?
9c
In base 11, what is 17a - -4?
183
In base 8, what is 217 + 2?
221
In base 11, what is 444 + 0?
444
In base 11, what is -1269 + -3?
-1271
In base 13, what is -c7 - 3?
-ca
In base 8, what is 1 + 116?
117
In base 5, what is 214 - 40?
124
In base 4, what is -2130 + -321?
-3111
In base 16, what is -4 + -39?
-3d
In base 6, what is 1 + 1153?
1154
In base 3, what is -2021 + -12?
-2110
In base 10, what is -32 + 14?
-18
In base 15, what is 4 - 70a?
-706
In base 13, what is 64 + -11?
53
In base 13, what is 3 + -2a0?
-29a
In base 11, what is -15 - 279?
-293
In base 16, what is 4 - 3f?
-3b
In base 10, what is 116 + 8?
124
In base 11, what is -237 - -6?
-231
In base 11, what is 5 + 399?
3a3
In base 5, what is 2 + -2334?
-2332
In base 8, what is -3 + 41?
36
In base 2, what is -1 + -101010111?
-101011000
In base 4, what is 202002 + -33?
201303
In base 7, what is -366 - -21?
-345
In base 3, what is -1 + 11?
10
In base 7, what is -11 - 1366?
-1410
In base 11, what is 12 + -1?
11
In base 7, what is 5 - -42?
50
In base 2, what is 1000001 + -1011?
110110
In base 3, what is 2 - 210221?
-210212
In base 15, what is a072 + -1?
a071
In base 14, what is -2 + a71?
a6d
In base 14, what is -20c + -2?
-210
In base 3, what is 1111001 + 1?
1111002
In base 7, what is -2 + -350?
-352
In base 15, what is -a82 - 5?
-a87
In base 2, what is -1110101 - 11?
-1111000
In base 6, what is -30534 + -1?
-30535
In base 16, what is -e1 - -1?
-e0
In base 8, what is -5 - 6250?
-6255
In base 5, what is 34 + -111?
-22
In base 14, what is -57 - 86?
-dd
In base 3, what is 1022010201 - 11?
1022010120
In base 6, what is -11 - -22?
11
In base 2, what is -100001 + 10011?
-1110
In base 11, what is -8 + 36?
29
In base 15, what is 40 + -4?
3b
In base 14, what is 2b05 - -1?
2b06
In base 12, what is 1049 - 5?
1044
In b